2 - r + 1. Let h = 9 - -26. Let g be (-8)/(-36) + h/45. Give d(g).
12
Let f(b) = 18*b + 117. Suppose 9 + 122 = -48*w - 205. Determine f(w).
-9
Let w(d) be the third derivative of -d**5/60 + 29*d**4/12 + 185*d**3/6 + 7*d**2 + 272*d. Calculate w(61).
2
Let v(a) = -10*a**2 - 3*a - 1. Let x(f) = f**2 + 5*f - 48. Let l be x(5). Determine v(l).
-47
Suppose -p = -5*n - 0*p + 18, 0 = -3*n - p + 6. Let o(k) = 4*k**3 + 0 + 6*k**2 - n*k**3 + 0 - 6. Determine o(-6).
-6
Let g = -253 - -255. Let q(j) = -96 - 3*j**g + 0*j - j**3 + 91 + j. Let p be 90/(-20) - (-1)/2. Calculate q(p).
7
Let z(x) = -6*x - 2. Let t(j) = 3*j + 1. Let d(h) = 7*t(h) + 3*z(h). Let u be (8 - 4 - 4)/(-5 - -1 - -7). What is d(u)?
1
Let c(y) = 583*y - 70. Let n be c(3). Let l(d) = -1679 + 3359 - n - 8*d - d**2. Give l(-6).
13
Let w(q) = 50*q**2 + q - 8*q - q**3 - 58*q**2 - 7 + 1. Let o = 11300 - 11307. Give w(o).
-6
Let a(x) = -x**2 + 6*x**2 + 5 - x - 4*x**2 + 9*x. Let s be (1 - 6/(-6))/((-2)/123). Let y = -128 - s. What is a(y)?
-10
Let q be (14/(-4))/((-18)/(-36)). Let l(t) = 9*t**2 + 2*t**2 - 12*t**2 - 8*t + 4. Give l(q).
11
Let i(o) = o**2 + 4*o - 4. Let j(m) = -17*m + 7*m**3 - 26 - 9*m**2 + 0*m**3 - 14*m**3 + 0 + 6*m**3. Let q be j(-7). Give i(q).
1
Let n be (3*1)/(51/85). Suppose t - 21 = -n*s + 4*s, 35 = 2*s - 5*t. Let q(p) = 40*p**2 - s*p**2 - p**3 - 15*p**2 + 2*p - 5. Determine q(4).
19
Let b be ((-72)/(-15))/((-81)/(-540)). Suppose 2*n - b = 4*p, 13*p + n - 34 = 18*p. Let o(q) = q**3 + 6*q**2 - 4*q - 4. Give o(p).
20
Let o(p) = -23. Let u(m) = -27. Let t(z) = 7*o(z) - 6*u(z). Let v(d) = -d**3 + 5*d**2 + 5*d + 7. Let w(k) = -t(k) + v(k). Calculate w(6).
0
Let f(m) be the first derivative of 1/2*m**2 + 2*m - 54. Determine f(-5).
-3
Let v(q) be the first derivative of q**4/4 + 3*q**3 - 6*q**2 - 29*q - 31. What is v(-10)?
-9
Let d(r) = -6*r - 34956*r**2 + 34955*r**2 + 4*r - 10. Suppose 12 = -5*g - 3*n, g + 3*g - 4*n = 16. Give d(g).
-10
Let r(v) = -v**3 + 3*v**2 + 8*v - 7. Let k = 506 + -219. Let c = -282 + k. Calculate r(c).
-17
Let n = 8 + -4. Let f(a) = 3*a**2 - 37*a + 38. Let g be f(1). Let d(m) = -m - g*m + 7 - 4*m + 8*m. Determine d(n).
3
Let z(c) = c - 9. Let g(m) = 7*m**2 + 89*m + 54. Let l be g(-12). What is z(l)?
-15
Let y(x) = 40*x - 2. Let t(m) = -17*m + 1. Let l(a) = -5*t(a) - 2*y(a). Calculate l(6).
29
Let h(z) = -z**3 - 4*z**2 + 3*z + 7. Let f(k) = -k**2 - k + 9. Let l be f(-4). Let y be (5/(-15) + 0)*l. Let x = -6 + y. Determine h(x).
17
Let v(j) = 3 - 11 - 21*j - 85*j + 110*j. What is v(4)?
8
Let r(f) be the second derivative of f**3/3 + 5*f**2/2 + 705*f. Calculate r(-4).
-3
Let z(c) = 2*c**3 - 4*c**2 - c + 5. Let o = -6742 + 6740. Give z(o).
-25
Suppose -5*j = 3*g + 70, -5*j - 435 = 2*g - 360. Let r(h) = -h**3 - 17*h**2 - 7*h + 1. What is r(j)?
120
Let n = 719 + -1073. Let m = -356 - n. Let a(q) = -4*q - 3. What is a(m)?
5
Let v(d) be the first derivative of 5*d**4/4 + 37*d**2 - 78. Let t(m) be the second derivative of v(m). Determine t(-1).
-30
Let w be 56/20 - 5/(-25). Let l(u) = -3*u**w + 3355*u**2 + 1 + 6*u - 3359*u**2 + 2*u**3. Calculate l(-5).
-4
Let r(f) be the first derivative of 2*f**2 + 5*f + 11*f + 6*f - 19*f + 60. Determine r(-2).
-5
Suppose -4*c = -29 - 3. Let t(a) = -a**2 - a + a**3 + 0*a + 2*a**2 + c. Let d be 0*((-9)/(-6))/(-3). What is t(d)?
8
Let n(s) be the third derivative of s**6/120 + s**5/10 + s**4/6 - s**3/2 - 2*s**2. Let k = 30 + -20. Suppose -k*x - x = 55. Give n(x).
2
Let a(y) = y**3 + y + 3. Let s(f) be the second derivative of -f**4/12 + 3*f**3/2 + 5*f**2 + 19*f. Let m be 1/(2 - (-76)/(-40)). Let q be s(m). Give a(q).
3
Let o(z) = -z**2 - 11*z + 23. Let g be (-35)/3 - (56/(-93) - (-94)/(-1457)). Give o(g).
23
Let z(r) be the second derivative of 22*r**3/3 + 441*r**2/2 - 4666*r + 1. Give z(-10).
1
Let b = -43 - -19. Let y be (2 + -1)*(b + 5). Let l be -1 - 1 - (15 + y). Let t(x) = 4*x**2 + 2*x. What is t(l)?
20
Let a(z) = z**2 - 7. Let c(p) = -p**3 - 4*p**2 + 20*p - 4. Let y be c(-7). Let l be 0/(-1)*y/6. Suppose -3*i + 4 - 19 = l. What is a(i)?
18
Let w(i) = -i**3 + 5*i**2 - 5*i - 1. Let p(u) = 3*u**2 + 20*u + 5. Let f be p(-8). Let x = -23 + f. Suppose 27 = 3*j + 3*s, s + x = j + 3*s. Calculate w(j).
-5
Let l(f) = -f**3 + 5*f**2 - 2*f - 1. Let i(n) be the third derivative of -n**4/6 - 47*n**3/6 + 13*n**2 - 1. Let y be i(-13). Give l(y).
-11
Let v(z) be the third derivative of z**6/120 + z**5/6 + 5*z**4/6 + 7*z**3/6 - 1042*z**2 - 3. What is v(-8)?
-25
Let c(j) = -2*j**2 - 112*j + 1784. Let i be c(13). Let z(g) = g**3 + 7*g**2 - 23*g - 21. Give z(i).
-91
Let m(l) = 3*l**2 + 9*l - 15. Let w(g) = g**3 - g**2 + 4*g - 1. Let s(v) = -m(v) + 2*w(v). Calculate s(3).
19
Let d(l) = -28*l - 20. Let q(o) = -4*o. Let m(w) = -d(w) + 6*q(w). Give m(-11).
-24
Let g(w) = -3*w**2 + 2068*w - 10260. Let i be g(5). Let l(d) = d - d**3 + 5*d**2 - 2*d + d**2. Give l(i).
20
Let p(v) be the first derivative of -v**3/3 - v**2 + 9*v + 818. Let a(i) = i - 13. Let w be a(13). What is p(w)?
9
Suppose -58 + 359 = -107*d - 341. Let c(q) = 6*q - 3*q**2 + 4 + q**3 + 5*q**2 + 4*q**2. Give c(d).
-32
Suppose 5*l - 2*b = 10 + 2, 4*l + b = 7. Let w(d) be the first derivative of -50 + 19 + 7 + l*d**2. Give w(1).
4
Suppose 14 = 4*c + 6. Let n = c - 0. Suppose n*f = 4*j - 14, 3*j - 4 = -2*f + j. Let z(p) = 2*p**3 + 2*p + 1. Give z(f).
-3
Let s(b) = b - 15. Suppose -46*u + 2*u - 594 = -98*u. Determine s(u).
-4
Suppose 6*y = -2*u - 44, 37*u = 2*y + 36*u + 23. Let n(o) = o**3 + 9*o**2 + 2*o - 8. Determine n(y).
-26
Let o(h) = 5*h - 4 - 6 + 7 + 0. Suppose -3*z + 94 = -v + 82, -2*v + 12 = 0. Give o(z).
27
Let b(f) = f**3 + f**2 - 4. Let s be b(0). Let a = s + 20. Let g(u) = -3*u**3 + 2*u**3 + 2*u - 3*u**2 + a - 14 - 4*u. Give g(-2).
2
Let h(d) be the first derivative of d**4/4 - 4*d**3/3 - 4*d**2 + 8*d + 107. Let i be h(5). Let n(u) = u**2 + 9*u + 17. Determine n(i).
3
Let i(y) = 42 + 40*y**2 + y**3 + 40*y - 123*y**2 + 41*y**2. Calculate i(41).
1
Let o(w) = -w**2 + 3*w + 5. Let z be o(4). Let a(i) = -5*i - 1 - z + i**2 + 3*i + 0. Suppose -3*d + s + 3 = -2*s, d - 5*s - 13 = 0. What is a(d)?
6
Let a be -22 - (19 + -34 + 4). Let x(b) = b**3 - 3*b**2 - 152*b + 20. Give x(a).
-2
Let x(z) = 25*z - 13. Suppose 2*f = -18*u + 15*u + 15, 6*u = -f + 21. Give x(f).
62
Let d(q) = -3*q - q + 310 + 5*q**2 - 4*q - 309. Let r(t) = 4*t**2 - 8*t. Let b(n) = 5*d(n) - 6*r(n). Suppose 16 = -2*a + 4. Determine b(a).
-7
Let x(z) = 28*z**3 + 29*z**2 - 14*z + 39. Let a(f) = -13*f**3 - 13*f**2 + 7*f - 19. Let c(d) = 13*a(d) + 6*x(d). Determine c(6).
-7
Suppose i + 33 - 31 = 0. Let t(d) be the third derivative of -d**5/20 - d**4/6 - d**3/3 - 50*d**2. Calculate t(i).
-6
Let i(b) = b**3 - 10*b**2 + 11*b - 11. Let j = -241 + 230. Let w(y) = y**3 + 13*y**2 + 22*y + 9. Let g be w(j). Give i(g).
7
Let n(d) = 2*d**2 - 28*d + 13. Let t = 9196 - 9182. Determine n(t).
13
Let t(p) = -13*p**3 + 56*p**2 - 89*p + 85. Let z(u) = -9*u**3 + 38*u**2 - 61*u + 57. Let g(k) = 5*t(k) - 7*z(k). What is g(6)?
-10
Let r = -6015 + 6009. Let k(x) be the first derivative of x**3/3 + 2*x**2 - 3*x + 1. Determine k(r).
9
Let g(c) = c**3 - 7*c**2 + 4*c - 2. Let j = -6360 + 6367. What is g(j)?
26
Let l be -2*((-8)/2 + 6). Let h = 38 - 35. Let t(a) = -3 - 82*a**h + 3*a - 3*a**2 + 81*a**3 + 0. Determine t(l).
1
Let k be (36 + (-38 - -41))*2/(-6). Let m(s) = -2*s**2 - 23*s + 31. What is m(k)?
-8
Let z = -2389 + 2387. Let a(t) = t**3 - 7*t**2 + 6*t. Let m be a(6). Let j(l) = -l + m - 5*l**2 + 0*l - 1. Determine j(z).
-19
Let c(l) = 10 - 26*l + 62*l - 34*l. Suppose -3*i + 8*i = 2*b + 38, -i = -3*b - 31. Calculate c(b).
-8
Let m(n) = n**3 - 6*n**2 - 8*n + 7. Let t be 2/(-4) - 44/(-8). Suppose 8*k + t*y = 6*k - 11, 2*k + y - 9 = 0. Calculate m(k).
0
Let j(v) be the second derivative of v**3/6 + v**2 + v. Let r(w) = -w**3 + 3*w**2 + 39*w - 148. Let c be r(5). Determine j(c).
-1
Let t(z) be the second derivative of -2/3*z**3 - 6 + 5/2*z**2 + 2*z. What is t(-5)?
25
Let m(k) = 2*k - 63. Let b(l) = -l + 63. Let f(d) = 4*b(d) + 3*m(d). Let i be f(-26). Let z(g) = -g**3 + 11*g**2 + g - 6. What is z(i)?
5
Let r = -148 + 377. Let u(q) = 6*q + q**2 + 456 - r - 230. Let y be (-1 - 7) + 9/3. Determine u(y).
-8
Let b(s) = 3*s + 7. Let x(v) = 9*v + 21. Let 